{"id":181,"date":"2019-01-17T23:45:34","date_gmt":"2019-01-17T22:45:34","guid":{"rendered":"https:\/\/pes-ain.fr\/reyrieux\/?page_id=181"},"modified":"2019-01-24T23:19:59","modified_gmt":"2019-01-24T22:19:59","slug":"rdv-osteopathe","status":"publish","type":"page","link":"https:\/\/pes-ain.fr\/reyrieux\/rdv-osteopathe\/","title":{"rendered":"RDV Ost\u00e9opathe"},"content":{"rendered":"<div class=\"fusion-fullwidth fullwidth-box fusion-builder-row-1 nonhundred-percent-fullwidth non-hundred-percent-height-scrolling\" style=\"--awb-border-radius-top-left:0px;--awb-border-radius-top-right:0px;--awb-border-radius-bottom-right:0px;--awb-border-radius-bottom-left:0px;\" ><div class=\"fusion-builder-row fusion-row\"><div class=\"fusion-layout-column fusion_builder_column fusion-builder-column-0 fusion_builder_column_1_1 1_1 fusion-one-full fusion-column-first fusion-column-last\" style=\"--awb-bg-size:cover;--awb-margin-top:0px;--awb-margin-bottom:0px;\"><div class=\"fusion-column-wrapper fusion-flex-column-wrapper-legacy\"><div class=\"fusion-title title fusion-title-1 fusion-title-center fusion-title-text fusion-title-size-one\"><div class=\"title-sep-container title-sep-container-left\"><div class=\"title-sep sep-double sep-solid\" style=\"border-color:#e0dede;\"><\/div><\/div><span class=\"awb-title-spacer\"><\/span><h1 class=\"title-heading-center fusion-responsive-typography-calculated\" style=\"margin:0;--fontSize:34;line-height:1.41;\">Prendre RDV<\/h1><span class=\"awb-title-spacer\"><\/span><div class=\"title-sep-container title-sep-container-right\"><div class=\"title-sep sep-double sep-solid\" style=\"border-color:#e0dede;\"><\/div><\/div><\/div><div class=\"fusion-text fusion-text-1\"><p>Vous pouvez dor\u00e9navant prendre rendez-vous directement avec votre Ost\u00e9opathe \u00e0 Reyrieux par internet gr\u00e2ce \u00e0 notre partenaire Doctolib. Pour cela rien de plus simple, il vous suffit de s\u00e9lectionner le type de consultation qui vous int\u00e9resse et enfin la date et l&rsquo;horaire qui vous convient.<\/p>\n<\/div><div class=\"fusion-text fusion-text-2\"><p><iframe style=\"height: 304px; min-height: 304px; width: 100%;\" src=\"https:\/\/partners.doctolib.fr\/osteopathe\/reyrieux\/nicolas-guilland\" width=\"300\" height=\"150\" scrolling=\"no\"><\/iframe><script src=\"https:\/\/www.doctolib.fr\/js\/iframeResizer.js\"><\/script><script>iFrameResize()<\/script><\/p>\n<\/div><div class=\"fusion-clearfix\"><\/div><\/div><\/div><\/div><\/div>\n","protected":false},"excerpt":{"rendered":"","protected":false},"author":1,"featured_media":0,"parent":0,"menu_order":0,"comment_status":"closed","ping_status":"closed","template":"","meta":[],"yoast_head":"<!-- This site is optimized with the Yoast SEO plugin v21.1 - https:\/\/yoast.com\/wordpress\/plugins\/seo\/ -->\n<title>RDV Ost\u00e9opathe - P\u00f4le Equilibre&amp;Sant\u00e9 de Reyrieux<\/title>\n<meta name=\"robots\" content=\"index, follow, max-snippet:-1, max-image-preview:large, max-video-preview:-1\" \/>\n<link rel=\"canonical\" href=\"https:\/\/pes-ain.fr\/reyrieux\/rdv-osteopathe\/\" \/>\n<meta property=\"og:locale\" content=\"fr_FR\" \/>\n<meta property=\"og:type\" content=\"article\" \/>\n<meta property=\"og:title\" content=\"RDV Ost\u00e9opathe - P\u00f4le Equilibre&amp;Sant\u00e9 de Reyrieux\" \/>\n<meta property=\"og:url\" content=\"https:\/\/pes-ain.fr\/reyrieux\/rdv-osteopathe\/\" \/>\n<meta property=\"og:site_name\" content=\"P\u00f4le Equilibre&amp;Sant\u00e9 de Reyrieux\" \/>\n<meta property=\"article:modified_time\" content=\"2019-01-24T22:19:59+00:00\" \/>\n<meta name=\"twitter:card\" content=\"summary_large_image\" \/>\n<meta name=\"twitter:label1\" content=\"Dur\u00e9e de lecture estim\u00e9e\" \/>\n\t<meta name=\"twitter:data1\" content=\"1 minute\" \/>\n<script type=\"application\/ld+json\" class=\"yoast-schema-graph\">{\"@context\":\"https:\/\/schema.org\",\"@graph\":[{\"@type\":\"WebPage\",\"@id\":\"https:\/\/pes-ain.fr\/reyrieux\/rdv-osteopathe\/\",\"url\":\"https:\/\/pes-ain.fr\/reyrieux\/rdv-osteopathe\/\",\"name\":\"RDV Ost\u00e9opathe - P\u00f4le Equilibre&amp;Sant\u00e9 de Reyrieux\",\"isPartOf\":{\"@id\":\"https:\/\/pes-ain.fr\/reyrieux\/#website\"},\"datePublished\":\"2019-01-17T22:45:34+00:00\",\"dateModified\":\"2019-01-24T22:19:59+00:00\",\"breadcrumb\":{\"@id\":\"https:\/\/pes-ain.fr\/reyrieux\/rdv-osteopathe\/#breadcrumb\"},\"inLanguage\":\"fr-FR\",\"potentialAction\":[{\"@type\":\"ReadAction\",\"target\":[\"https:\/\/pes-ain.fr\/reyrieux\/rdv-osteopathe\/\"]}]},{\"@type\":\"BreadcrumbList\",\"@id\":\"https:\/\/pes-ain.fr\/reyrieux\/rdv-osteopathe\/#breadcrumb\",\"itemListElement\":[{\"@type\":\"ListItem\",\"position\":1,\"name\":\"Accueil\",\"item\":\"https:\/\/pes-ain.fr\/reyrieux\/\"},{\"@type\":\"ListItem\",\"position\":2,\"name\":\"RDV Ost\u00e9opathe\"}]},{\"@type\":\"WebSite\",\"@id\":\"https:\/\/pes-ain.fr\/reyrieux\/#website\",\"url\":\"https:\/\/pes-ain.fr\/reyrieux\/\",\"name\":\"P\u00f4le Equilibre&amp;Sant\u00e9 de Reyrieux\",\"description\":\"\",\"potentialAction\":[{\"@type\":\"SearchAction\",\"target\":{\"@type\":\"EntryPoint\",\"urlTemplate\":\"https:\/\/pes-ain.fr\/reyrieux\/?s={search_term_string}\"},\"query-input\":\"required name=search_term_string\"}],\"inLanguage\":\"fr-FR\"}]}<\/script>\n<!-- \/ Yoast SEO plugin. -->","yoast_head_json":{"title":"RDV Ost\u00e9opathe - P\u00f4le Equilibre&amp;Sant\u00e9 de Reyrieux","robots":{"index":"index","follow":"follow","max-snippet":"max-snippet:-1","max-image-preview":"max-image-preview:large","max-video-preview":"max-video-preview:-1"},"canonical":"https:\/\/pes-ain.fr\/reyrieux\/rdv-osteopathe\/","og_locale":"fr_FR","og_type":"article","og_title":"RDV Ost\u00e9opathe - P\u00f4le Equilibre&amp;Sant\u00e9 de Reyrieux","og_url":"https:\/\/pes-ain.fr\/reyrieux\/rdv-osteopathe\/","og_site_name":"P\u00f4le Equilibre&amp;Sant\u00e9 de Reyrieux","article_modified_time":"2019-01-24T22:19:59+00:00","twitter_card":"summary_large_image","twitter_misc":{"Dur\u00e9e de lecture estim\u00e9e":"1 minute"},"schema":{"@context":"https:\/\/schema.org","@graph":[{"@type":"WebPage","@id":"https:\/\/pes-ain.fr\/reyrieux\/rdv-osteopathe\/","url":"https:\/\/pes-ain.fr\/reyrieux\/rdv-osteopathe\/","name":"RDV Ost\u00e9opathe - P\u00f4le Equilibre&amp;Sant\u00e9 de Reyrieux","isPartOf":{"@id":"https:\/\/pes-ain.fr\/reyrieux\/#website"},"datePublished":"2019-01-17T22:45:34+00:00","dateModified":"2019-01-24T22:19:59+00:00","breadcrumb":{"@id":"https:\/\/pes-ain.fr\/reyrieux\/rdv-osteopathe\/#breadcrumb"},"inLanguage":"fr-FR","potentialAction":[{"@type":"ReadAction","target":["https:\/\/pes-ain.fr\/reyrieux\/rdv-osteopathe\/"]}]},{"@type":"BreadcrumbList","@id":"https:\/\/pes-ain.fr\/reyrieux\/rdv-osteopathe\/#breadcrumb","itemListElement":[{"@type":"ListItem","position":1,"name":"Accueil","item":"https:\/\/pes-ain.fr\/reyrieux\/"},{"@type":"ListItem","position":2,"name":"RDV Ost\u00e9opathe"}]},{"@type":"WebSite","@id":"https:\/\/pes-ain.fr\/reyrieux\/#website","url":"https:\/\/pes-ain.fr\/reyrieux\/","name":"P\u00f4le Equilibre&amp;Sant\u00e9 de Reyrieux","description":"","potentialAction":[{"@type":"SearchAction","target":{"@type":"EntryPoint","urlTemplate":"https:\/\/pes-ain.fr\/reyrieux\/?s={search_term_string}"},"query-input":"required name=search_term_string"}],"inLanguage":"fr-FR"}]}},"_links":{"self":[{"href":"https:\/\/pes-ain.fr\/reyrieux\/wp-json\/wp\/v2\/pages\/181"}],"collection":[{"href":"https:\/\/pes-ain.fr\/reyrieux\/wp-json\/wp\/v2\/pages"}],"about":[{"href":"https:\/\/pes-ain.fr\/reyrieux\/wp-json\/wp\/v2\/types\/page"}],"author":[{"embeddable":true,"href":"https:\/\/pes-ain.fr\/reyrieux\/wp-json\/wp\/v2\/users\/1"}],"replies":[{"embeddable":true,"href":"https:\/\/pes-ain.fr\/reyrieux\/wp-json\/wp\/v2\/comments?post=181"}],"version-history":[{"count":4,"href":"https:\/\/pes-ain.fr\/reyrieux\/wp-json\/wp\/v2\/pages\/181\/revisions"}],"predecessor-version":[{"id":188,"href":"https:\/\/pes-ain.fr\/reyrieux\/wp-json\/wp\/v2\/pages\/181\/revisions\/188"}],"wp:attachment":[{"href":"https:\/\/pes-ain.fr\/reyrieux\/wp-json\/wp\/v2\/media?parent=181"}],"curies":[{"name":"wp","href":"https:\/\/api.w.org\/{rel}","templated":true}]}}

RDV Ostéopathe

<div class="fusion-fullwidth fullwidth-box fusion-builder-row-1 nonhundred-percent-fullwidth non-hundred-percent-height-scrolling" style="--awb-border-radius-top-left:0px;--awb-border-radius-top-right:0px;--awb-border-radius-bottom-right:0px;--awb-border-radius-bottom-left:0px;" ><div class="fusion-builder-row fusion-row"><div class="fusion-layout-column fusion_builder_column fusion-builder-column-0 fusion_builder_column_1_1 1_1 fusion-one-full fusion-column-first fusion-column-last" style="--awb-bg-size:cover;--awb-margin-top:0px;--awb-margin-bottom:0px;"><div class="fusion-column-wrapper fusion-flex-column-wrapper-legacy"><div class="fusion-title title fusion-title-1 fusion-title-center fusion-title-text fusion-title-size-one"><div class="title-sep-container title-sep-container-left"><div class="title-sep sep-double sep-solid" style="border-color:#e0dede;"></div></div><span class="awb-title-spacer"></span><h1 class="title-heading-center fusion-responsive-typography-calculated" style="margin:0;--fontSize:34;line-height:1.41;">Prendre RDV</h1><span class="awb-title-spacer"></span><div class="title-sep-container title-sep-container-right"><div class="title-sep sep-double sep-solid" style="border-color:#e0dede;"></div></div></div><div class="fusion-text fusion-text-1"><p>Vous pouvez dorénavant prendre rendez-vous directement avec votre Ostéopathe à Reyrieux par internet grâce à notre partenaire Doctolib. Pour cela rien de plus simple, il vous suffit de sélectionner le type de consultation qui vous intéresse et enfin la date et l&rsquo;horaire qui vous convient.</p>
</div><div class="fusion-text fusion-text-2"><p><iframe style="height: 304px; min-height: 304px; width: 100%;" src="https://partners.doctolib.fr/osteopathe/reyrieux/nicolas-guilland" width="300" height="150" scrolling="no"></iframe><script src="https://www.doctolib.fr/js/iframeResizer.js"></script><script>iFrameResize()</script></p>
</div><div class="fusion-clearfix"></div></div></div></div></div>

<!-- This site is optimized with the Yoast SEO plugin v21.1 - https://yoast.com/wordpress/plugins/seo/ -->
<title>RDV Ostéopathe - Pôle Equilibre&amp;Santé de Reyrieux</title>
<meta name="robots" content="index, follow, max-snippet:-1, max-image-preview:large, max-video-preview:-1" />
<link rel="canonical" href="https://pes-ain.fr/reyrieux/rdv-osteopathe/" />
<meta property="og:locale" content="fr_FR" />
<meta property="og:type" content="article" />
<meta property="og:title" content="RDV Ostéopathe - Pôle Equilibre&amp;Santé de Reyrieux" />
<meta property="og:url" content="https://pes-ain.fr/reyrieux/rdv-osteopathe/" />
<meta property="og:site_name" content="Pôle Equilibre&amp;Santé de Reyrieux" />
<meta property="article:modified_time" content="2019-01-24T22:19:59+00:00" />
<meta name="twitter:card" content="summary_large_image" />
<meta name="twitter:label1" content="Durée de lecture estimée" />
	<meta name="twitter:data1" content="1 minute" />
<script type="application/ld+json" class="yoast-schema-graph">{"@context":"https://schema.org","@graph":[{"@type":"WebPage","@id":"https://pes-ain.fr/reyrieux/rdv-osteopathe/","url":"https://pes-ain.fr/reyrieux/rdv-osteopathe/","name":"RDV Ostéopathe - Pôle Equilibre&amp;Santé de Reyrieux","isPartOf":{"@id":"https://pes-ain.fr/reyrieux/#website"},"datePublished":"2019-01-17T22:45:34+00:00","dateModified":"2019-01-24T22:19:59+00:00","breadcrumb":{"@id":"https://pes-ain.fr/reyrieux/rdv-osteopathe/#breadcrumb"},"inLanguage":"fr-FR","potentialAction":[{"@type":"ReadAction","target":["https://pes-ain.fr/reyrieux/rdv-osteopathe/"]}]},{"@type":"BreadcrumbList","@id":"https://pes-ain.fr/reyrieux/rdv-osteopathe/#breadcrumb","itemListElement":[{"@type":"ListItem","position":1,"name":"Accueil","item":"https://pes-ain.fr/reyrieux/"},{"@type":"ListItem","position":2,"name":"RDV Ostéopathe"}]},{"@type":"WebSite","@id":"https://pes-ain.fr/reyrieux/#website","url":"https://pes-ain.fr/reyrieux/","name":"Pôle Equilibre&amp;Santé de Reyrieux","description":"","potentialAction":[{"@type":"SearchAction","target":{"@type":"EntryPoint","urlTemplate":"https://pes-ain.fr/reyrieux/?s={search_term_string}"},"query-input":"required name=search_term_string"}],"inLanguage":"fr-FR"}]}</script>
<!-- / Yoast SEO plugin. -->

RDV Ostéopathe - Pôle Equilibre&amp;Santé de Reyrieux

Pôle Equilibre&amp;Santé de Reyrieux
